e -2236 = -9*c + 17069. Suppose -5*r - 690 = -c. List the prime factors of r.
3, 97
Let s(d) be the second derivative of d**5/20 - 43*d**4/12 - 25*d**3/2 - 71*d**2/2 + 53*d. List the prime factors of s(45).
2, 151
Let z be (317*(-8)/(-10))/(2/5). Let h = 1059 - z. List the prime factors of h.
5, 17
Let m(p) = -469*p - 43. List the prime factors of m(-15).
2, 19, 23
Suppose 353730 - 83232 = 11*t - 5*k, -2*t - 5*k + 49211 = 0. What are the prime factors of t?
24593
Let c(n) = 9*n**3 - 2*n**2 - 31*n + 18. Let b = -615 + 620. List the prime factors of c(b).
2, 7, 67
Let x = -39 - -3. Let g = -34 - x. Suppose -g*o + 55 = -89. What are the prime factors of o?
2, 3
Let b be 8616/(-9) + (-2)/3. Let r = b + 373. Let c = -365 - r. List the prime factors of c.
2, 5, 11
Suppose -2*g = 3*k - 12818, -49*k + 6410 = g - 48*k. List the prime factors of g.
2, 7, 229
Let p(j) = j**2 - 7*j + 2. Let w(o) = -2*o + 25. Let r be w(10). Let z be p(r). List the prime factors of 2/(z/4) - -69.
2, 17
Suppose -3*k = -21, 21*m - 14*m + k = 343945. What are the prime factors of m?
2, 3, 19, 431
Suppose -62 = 6*n + 4. Let b be n - -9 - -1*72. Suppose 0 = -5*f + b + 150. List the prime factors of f.
2, 11
Let z(i) = -1202*i + 72. Let v be z(-12). Suppose -32*k + v = -20*k. What are the prime factors of k?
2, 151
Let w(h) = -h + 7. Let c be w(4). Suppose c*x + 56 - 236 = 0. Let k = -1 + x. What are the prime factors of k?
59
Suppose q = -4*b + 28, 2*b = -0*b - 5*q + 14. Let n(j) = -113*j + 678. Let d be n(6). Suppose -b*m + 12*m - 175 = d. List the prime factors of m.
5, 7
Let j(t) = -646*t + 171. What are the prime factors of j(-7)?
13, 19
Suppose 7*i - 4*i = 543. Let r = -171 + i. List the prime factors of r.
2, 5
Let u(d) = -d**2 + 9*d - 78. Let a be u(19). Let i = 292 + a. What are the prime factors of i?
2, 3
Let f be (-40)/(-6) - (-5)/(-3). Suppose -4*u = 4*d + 8, f*d - 4*d = 2*u - 8. Suppose -u*c - c = -186. List the prime factors of c.
2, 31
Let t = -1169 - -3129. What are the prime factors of ((-459)/4)/((-147)/t)?
2, 3, 5, 17
Let d(q) = 5*q**2 + 101*q - 110. What are the prime factors of d(44)?
2, 7, 11, 13
Let p = 4 - -8. Suppose -3*y + 4*n = -25, y - 5*n = -0*n + p. Suppose -y*u = -5*u - 196. List the prime factors of u.
2, 7
Suppose -10*i - 9*i = 133. List the prime factors of 401 + (-3 - 0 - (i - -3)).
2, 3, 67
Suppose -c = 5*t - 360049, 835*t - c - 144007 = 833*t. What are the prime factors of t?
2, 9001
What are the prime factors of 43*58 - (-26 + 34 + -21)?
23, 109
Let y = 390 - 388. Suppose y*x + 6408 = 8*x. List the prime factors of x.
2, 3, 89
Suppose 0 = -2*l + 3*c + 79, 7*l - 3*l + 2*c = 118. Suppose -598 - l = -5*w. What are the prime factors of w?
2, 3, 7
Suppose 0 = 4*j + z - 1700, -5*j - 418 + 2530 = -2*z. Suppose -4*f - j = -n - 3580, 4*f = -n + 3164. List the prime factors of f.
2, 5, 79
Suppose 4 = v + 1. Suppose h - v*h = 3*h. Suppose -m + 0*m + 14 = h. What are the prime factors of m?
2, 7
Let j = -1481 + 3898. Suppose -2427 - j = -7*t. What are the prime factors of t?
2, 173
Suppose -n + 25 = 5*a, 3*a + 2*n - 28 = -6. Suppose 40*z - 38*z + a*c - 1130 = 0, -c = z - 563. What are the prime factors of z?
3, 11, 17
Suppose 121769 = 2*h + o + 51113, 2*o = 2*h - 70668. List the prime factors of h.
2, 5, 3533
Let u be (-12)/(-7) + 4/14. Let l be 216/(-432) + (-314)/(-6)*(-3)/(-2). Suppose u*x = 2 - 0, i - 4*x - l = 0. What are the prime factors of i?
2, 41
List the prime factors of (156/13)/(-4) + 1 + 969.
967
Let t(k) = -5*k**3 - k + 1. Let i be t(1). Let q(d) = 0 + 13*d**2 - 4 - 4*d**2 - 4*d + 0*d**2 - 4*d**2. List the prime factors of q(i).
3, 47
Suppose -3*q = -4*v + 6024, -3*v = -0*q - 5*q - 4529. Suppose -4*c + 5*l = -8*c + 2004, 0 = -3*c - l + v. List the prime factors of c.
3, 167
Let p = 21655 + -13874. List the prime factors of p.
31, 251
Suppose 0 = -5*s + 4*c - 1, 3*s + 3 = 3*c - 0. Suppose 5*y - 21 = o - 3, 3*o = 6. Suppose 0 = 2*j - 0*w - w - 22, s*w = -y*j + 64. List the prime factors of j.
13
Let c(t) = t + 18. Let v be c(-11). Suppose v = -8*q + 31. What are the prime factors of (1 - 37)/(65/(-20) + q)?
2, 3
Suppose -337*j + 341*j = -156. Let b = 349 + j. List the prime factors of b.
2, 5, 31
List the prime factors of ((15*2815)/(-3))/(-1 - 0).
5, 563
Let v(y) = 4*y**2 - 17*y - 1686. What are the prime factors of v(-36)?
2, 3, 5, 137
Suppose -4*r + 462 = -j, 5*r - j - 99 = 478. Let l(i) = 26*i**2 + 403*i + 1225. Let d be l(-3). Let h = d - r. What are the prime factors of h?
3, 5
Let o(r) = 0 + 4 + 3*r + 12*r + 12. What are the prime factors of o(6)?
2, 53
Let a(x) = x**3 + 2*x**2 + 41. Suppose -6*r + 12 = -2*r. Suppose 0 = -3*t + 2*t, 0 = -r*y + 3*t. What are the prime factors of a(y)?
41
Suppose 5*y + 625 = m, -3*m + 1842 = -0*m - 4*y. Let a = m + -542. List the prime factors of a.
2, 17
Let i be (-28)/7*(-2 + (-5)/(-2)). Let f(r) = 6*r**2 - 14*r + 6. Let z(g) = 7*g**2 - 15*g + 7. Let d(t) = i*z(t) + 3*f(t). What are the prime factors of d(6)?
2, 19
Let v(b) = -13*b**3 + 13*b**2 - 239. Let o(i) = 7*i**3 - 7*i**2 + 119. Let g(a) = -11*o(a) - 6*v(a). What are the prime factors of g(0)?
5
Let r = -3928 + 6053. Suppose 4*v - 3*y = 1098 + 625, -5*v - 2*y + r = 0. What are the prime factors of v?
7, 61
Let h(o) = -13*o + 31. Let z(s) = -7*s. Let v(m) = -m. Let y(u) = 6*v(u) - z(u). Let d(c) = -h(c) + 6*y(c). List the prime factors of d(12).
197
Let t = -42 - -46. Suppose t*y = -4*s, 4*s + 3*y = -s + 4. Suppose 6*i + 2*g = i + 195, 10 = s*g. List the prime factors of i.
37
Let o(m) = 7*m**2 - 2*m + 719. List the prime factors of o(72).
191, 193
Let f(q) = q**3 + 4*q + 2. Let x be f(0). Suppose 0 = 3*m - 5*c + 35, x*m - 45 = 7*m + 5*c. List the prime factors of (-526)/(-18) + -1 + m/45.
2, 7
Suppose 30*w - 16*w - 22932 = 0. Let a = -742 + w. List the prime factors of a.
2, 7
What are the prime factors of (-3 + 2732)/((-51)/(-153))?
3, 2729
Let c be -2*((-1255)/10 - -2). Let i = 441 - c. Suppose 3*l = 2*l + 5*s + i, -4*l + 3*s + 776 = 0. List the prime factors of l.
2, 97
Let i(r) = -196*r - 184. List the prime factors of i(-4).
2, 3, 5
Suppose -4*t - 8 = 2*r, t - 5 = -4*t. What are the prime factors of (r/(-4))/((-18)/(-5784))?
2, 241
Let i = -92239 + 144032. What are the prime factors of i?
7, 151
Suppose 0 = q - 199 - 2892. List the prime factors of q.
11, 281
Let v = -120 - -125. Suppose v*n = -b + 187 + 321, 1604 = 3*b - n. What are the prime factors of b?
13, 41
Suppose 2*a - 4*u = -10, -1 - 24 = -4*a - u. Suppose 3*v - 525 = -4*h + 1, a*v - 4*h = 834. Let q = 327 - v. What are the prime factors of q?
157
Let z(o) = 3*o + 23. Let k be z(-6). Suppose 10*w - k*w - 10 = 0. What are the prime factors of 71/w - 9/18?
5, 7
Let q(r) = -9337*r - 393. List the prime factors of q(-6).
3, 7, 883
Let b = -7246 + 15070. What are the prime factors of b?
2, 3, 163
Suppose 0 = 17*m - 39*m - 10868. Let h = 1047 + m. List the prime factors of h.
7, 79
Suppose 5*u = 4*p - 13, 2*p - 1 = -0*p - 3*u. Let b(m) = 29*m**3 + 3*m**2 - 8. What are the prime factors of b(p)?
2, 59
Let d = 14 + 3. Suppose d*u + 784 = 19*u. List the prime factors of u.
2, 7
Let w be (-3)/(2*9/(-66)). Suppose w*u + 277 - 3610 = 0. List the prime factors of u.
3, 101
Let r(v) = -4*v - 18. Let o be r(-6). Let b(w) = -10 + 3*w + 3*w - o + w. What are the prime factors of b(11)?
61
Let h(y) = 20*y**3 - 4*y + 4. Let f be h(2). Let q = f + -110. Let d = q + 26. List the prime factors of d.
2, 3
Suppose -37*p + 44 + 67 = 0. Suppose p*h + 5*x = 4*h - 764, -h + 3*x = -772. List the prime factors of h.
2, 7
Suppose 0 = 3*t - 2*g - 144215, 4*t - 4*g - 116966 = 75310. What are the prime factors of t?
131, 367
Suppose -43*w - 137416 + 205036 = -403660. What are the prime factors of w?
2, 5, 137
Let s(d) = 1260*d**2 + 9*d + 87. List the prime factors of s(-5).
2, 3, 7, 751
Suppose 3*f - 5*b + 10 = 0, 2*f + 4*b = -0*f + 30. Suppose 8*w - 354 = f*w. Suppose 97 + w = 5*z. List the prime factors of z.
43
Suppose 4*s - 24 = -3*k + 7, 0 = -5*s - k + 36. Suppose t - s = 9. What are the prime factors of t?
2
Let b = 3370 + -897. List the prime factors of b.
2473
Let y be 140/21*12/10. Let u(s) be the second derivative of s**4/12 - s**3 - s**2/2 + 9*s. List the prime factors of u(y).
3, 5
Let j = 365 +